 + c, g - 2*k = 3*k + 130. What are the prime factors of g?
2, 3, 5
Let p be (-87)/(-27) + (-2)/9. Suppose -p*i + 334 = -215. Suppose -4*s = 4*d + 75 - i, -2*s + 4*d = -30. List the prime factors of s.
23
Suppose 9*s - 1435 + 427 = 0. What are the prime factors of s?
2, 7
Let o(z) = -z**3 - 4*z**2 + 10*z - 10. Let i be o(-6). Suppose -j = 5*m - 33, -5*j = -i*j + m - 155. List the prime factors of j.
53
Let j(i) = -4*i**3 - 2*i**2 - 4*i - 3. Let n be (-2 + 18)/(-4) - 8. Let h be ((-6)/n)/((-2)/8). What are the prime factors of j(h)?
29
Let s(g) = g**3 + 5*g**2. Let r be s(-5). Suppose r = -4*p - 0*p + 592. What are the prime factors of p?
2, 37
Suppose -8*z + 873 + 12423 = 0. List the prime factors of z.
2, 3, 277
Let k(n) = -n**3 + 2*n**2 + 2*n - 6. What are the prime factors of k(-6)?
2, 3, 5
Suppose 0 = 10*a + 886 - 2926. What are the prime factors of a?
2, 3, 17
Let l(s) = s**3 - 22*s**2 + s + 38. Let b be l(22). Let f = b + 41. What are the prime factors of f?
101
Suppose -438 = -h + 60. What are the prime factors of h?
2, 3, 83
Suppose 0 = -v + 2*v - 1. Let f be 3 - (-1 - (v + 0)). Suppose -k + 19 = 2*k - 5*w, -9 = -f*k - 3*w. What are the prime factors of k?
3
Let v = -13 + 18. Let n(w) = -w**3 + 4*w**2 + 6*w - 5. Let g be n(5). Suppose g*b = -v*b + 115. List the prime factors of b.
23
Let k = 14 - -156. List the prime factors of k.
2, 5, 17
What are the prime factors of ((-4035)/20 + 4)/(13/(-260))?
5, 7, 113
Let n(d) = -7 + 0*d + 3*d - 4*d. Let j be n(-6). Let t(q) = 20*q**2 - q - 2. List the prime factors of t(j).
19
Suppose 0 = -5*q - 2*n + 13117, -3*q + 3*n + 5180 = -2707. What are the prime factors of q?
3, 5, 7
Suppose -y - 5 = 3*z, 2*z - 1 = 4*y + 5. Let i(f) = -70*f**3 - f. What are the prime factors of i(z)?
71
Suppose -9 = 2*l - 5*l. Suppose -2*t = 2*a + 120, -5*t = -l*a - 4*t - 164. Let o = a - -93. What are the prime factors of o?
37
Suppose 1415 + 701 = 2*u. What are the prime factors of u?
2, 23
Suppose -3*o + 4*o + 203 = r, 0 = 5*r + 3*o - 991. List the prime factors of (r - 5) + (3 - 1).
197
List the prime factors of (12/3)/((-42)/(-26754)).
2, 7, 13
Suppose -2*z + 9 = z. Let o be 32 - (2 - -1) - z. Suppose 4*f - 5*v - o = 4, 3*f + 3*v = 9. What are the prime factors of f?
5
Suppose 162 = 3*m - 345. Suppose -604 = -5*l - m. List the prime factors of l.
3, 29
Let u(r) = r**2 + 4*r - 4. Let l be u(-5). Suppose l = -v, -2*v - 2*v = y - 33. What are the prime factors of y?
37
Let f = 417 - 109. What are the prime factors of (-6)/(-9) + f/6?
2, 13
Suppose 2388 = 2*g - 4*b - 2084, 3*g = -3*b + 6726. What are the prime factors of g?
2, 5, 7
Let t be (-111)/(-1) + (-1 - -1). Suppose r = 4*r - t. What are the prime factors of r?
37
Suppose 0*p = 2*p + 4, -2*p + 401 = -3*l. Let m = 406 + l. Suppose -31 = 4*o - m. What are the prime factors of o?
2, 3, 5
Let h = 53 + -53. Suppose h*i - 90 = -i. List the prime factors of i.
2, 3, 5
Let g = 0 - -1994. What are the prime factors of g?
2, 997
Let j = -25 + 23. Let k be 7*(j - (-18)/7). Suppose -5*o = 4*l - 9*l, 3*l + k*o = 21. List the prime factors of l.
3
Suppose 0 = 13*m - 2261 - 3043. List the prime factors of m.
2, 3, 17
Let n(s) = s**2 + 12*s + 3. Let z = -38 + 26. Let v be n(z). Suppose -2*c + m + 59 = -0*m, m = v*c - 88. List the prime factors of c.
29
Let l(p) = 2*p**2 + 23*p - 6. List the prime factors of l(-22).
2, 3, 19
Let i = -59 - -111. Let g = 76 - i. What are the prime factors of g?
2, 3
Suppose -3*l + 6 = -6. Suppose -3*c = l*q - 418, -2*c + 5*q - 2*q = -256. List the prime factors of c.
2, 67
List the prime factors of -911*(-14)/(126/27).
3, 911
Suppose 0 = 5*k + 3*y - 1839, -3*k + 809 = -y - 286. What are the prime factors of k?
2, 3, 61
Suppose -2*s + 1 - 7 = 0. Suppose 29*d = 12*d - 153. Let b = s - d. What are the prime factors of b?
2, 3
Suppose 13*v - 4*w + 235 = 14*v, 1247 = 5*v + 2*w. What are the prime factors of v?
251
List the prime factors of (-48573)/(-441) - 1/7.
2, 5, 11
Suppose -2*t - 4*t + 372 = 0. Let w = 108 - t. List the prime factors of w.
2, 23
Let b be (19/3 + -3)*3. Let h = 14 - b. Suppose 0 = -h*y - 12, j - 2*j = 3*y - 69. What are the prime factors of j?
2, 3, 13
Let y = -78 + 16. Let m = y + 103. What are the prime factors of m?
41
Let t be -1 - ((-12)/(-3) - 8). Let o be 8*(4 - (-1 + t)). What are the prime factors of (2*-1)/(o/(-456))?
3, 19
Let w be -8*(1 + 1/2). Let h be 2/((-2)/(-3)) - w. Suppose 2*c + c = h. What are the prime factors of c?
5
Suppose 13 = -4*b - 35. Let n(y) = -y**3 - 11*y**2 + 11*y - 9. Let v be n(b). Suppose v*j - 9 = 9. What are the prime factors of j?
2, 3
Let q(n) be the first derivative of n**4/2 - n**3 + 5*n**2/2 - 7*n + 12. What are the prime factors of q(3)?
5, 7
Let c = 121 + -68. Let k = c - 38. List the prime factors of k.
3, 5
List the prime factors of ((-30400)/30)/((-1)/3).
2, 5, 19
Let z(u) = -u**2 + 11*u - 2. Let a be z(6). Suppose 3 = 5*x + a. List the prime factors of -1 - (1 + 5*x).
23
Suppose -47*i + 12 = -43*i. List the prime factors of ((-18)/15)/i + (-5135)/(-25).
5, 41
List the prime factors of 1*(0 + -473)*234/(-26).
3, 11, 43
Suppose -347 + 67 = -7*t. List the prime factors of t.
2, 5
What are the prime factors of (-5)/(-4)*(7 + 1030 + -5)?
2, 3, 5, 43
Let m be (2/(-4))/(2/4). Let x be 3 - 1 - (-4 - m). Suppose x*t - 3*t = 16. What are the prime factors of t?
2
List the prime factors of (120 + -7)/((-5)/(-40)).
2, 113
Suppose -2*j = -j + 3*m - 545, 4*j = -2*m + 2170. Suppose j = 14*h - 1838. What are the prime factors of h?
2, 5, 17
Let n = 1067 - 635. List the prime factors of n.
2, 3
Let l = 4 + 4. Let h = l + -6. List the prime factors of (60 + -2)*1/h.
29
Suppose 5*y - 3*y - o = 2689, 0 = 5*y - 4*o - 6727. List the prime factors of y.
17, 79
Let i = -71 + 123. Suppose 14*b = 13*b + i. What are the prime factors of b?
2, 13
Let r(u) = 326*u**2 + 73*u + 271. What are the prime factors of r(-4)?
5, 1039
Let j be -5*(-4)/15 - (-16)/6. List the prime factors of j/6 + (-169)/(-3) + -4.
53
Let a(o) = -249*o + 91. List the prime factors of a(-4).
1087
Let n(u) = 12*u + 24 - 36*u - 20. What are the prime factors of n(-2)?
2, 13
Let u = -4076 - -5726. What are the prime factors of u?
2, 3, 5, 11
Let x = 14 + -11. Suppose 2*j - 21 = x*o, -5*j + o + 20 = -0*o. Suppose 5*s - 48 = -3*l, -4*l - 16 + 80 = j*s. What are the prime factors of l?
2
Suppose -5*r + 0*g + 3*g = -1, -4*r = -3*g - 2. Let d be -1*(4 + r) - -14. Let y = d + 17. What are the prime factors of y?
2, 7
What are the prime factors of 9/(765/(-10)) - 24741/(-51)?
5, 97
Let q(n) be the third derivative of -n**6/120 + n**5/10 - n**4/12 - 2*n**3/3 + 13*n**2. Let u = 2 - -2. List the prime factors of q(u).
2, 5
Suppose 2*j - 37 = -5*c, 2 + 10 = -3*j. Suppose 240 = -5*q - 135. Let r = c - q. List the prime factors of r.
2, 3, 7
Suppose 192 = 4*d - 80. Suppose d = 4*i - 56. Suppose -i = 4*v - 5*v. List the prime factors of v.
31
Suppose 94 = -7*v + 1494. Suppose -5*b = 3*h - 498, 0*h = -2*b - h + v. What are the prime factors of b?
2, 3, 17
Let f = 20 + -19. Let y(v) = 8*v**2 - 2*v + 1. Let h be y(f). Let g(r) = -r**3 + 7*r**2 + 7*r - 9. What are the prime factors of g(h)?
2, 5
Let l be (-4)/3*4/(-16)*6. Suppose 2*z + s = -2*z + 324, l*z = -5*s + 180. List the prime factors of z.
2, 5
Let y = 3511 - 1895. List the prime factors of y.
2, 101
List the prime factors of (4/(-2) + -58)*33/(-4).
3, 5, 11
Let q = -35 - -48. Let a(m) = m**2 - 13*m + 12. What are the prime factors of a(q)?
2, 3
Suppose 116 = 8*d - 228. Suppose -8*i + d = -781. What are the prime factors of i?
103
List the prime factors of (0 - 1/8) + 148414/112.
5, 53
Let f be (-246)/24 - 2/(-8). Let q be (-693)/(-55) + 6/f. Let n = q + 6. What are the prime factors of n?
2, 3
Suppose 26 = 5*o + 11. Suppose w + 0*t - 59 = 5*t, -67 = -w + o*t. List the prime factors of w.
79
Suppose f - 3*f = -1428. What are the prime factors of (-1374)/(-26) + (8 - f/91)?
53
Let q be 0 + (-1 - (-3 + 3)). List the prime factors of 22 - 15/((-5)/q).
19
Let z = -200 - -142. Let g = z - -114. What are the prime factors of g?
2, 7
Let v(n) = -12*n + 24. Let z(h) = 1. Let r(d) = -v(d) + 3*z(d). Let a be r(9). Let u = -38 + a. List the prime factors of u.
7
Let v be -4 - 24 - (-4 - 0). List the prime fac